3. Let j be p(-8). Let m(d) = -d**3 - 7*d**2. Let x be m(j). Let y(v) = -v**3 - 2*v + 49. What are the prime factors of y(x)?
7
Suppose -15122 = 8*j - 88570. List the prime factors of j.
9181
Suppose 31*n - 36*n = -25. Suppose 510 = 2*f - 7*q + 3*q, 2*f - 507 = n*q. What are the prime factors of f?
3, 29
Let v(h) = -h**3 - 42*h**2 - 20*h + 2. Let m be v(-42). Suppose 0 = 2*a - m - 22. What are the prime factors of a?
2, 3
Suppose 0 = -c + 4, -2*u + 3*c = 3*u + 17. Let z(i) = -i**3 + 2*i**2 + 4*i + 3. Let f be z(u). Suppose -n = f - 30. What are the prime factors of n?
2, 7
Suppose h = 4*n + 2835, -5*h + 9*n - 11*n + 14153 = 0. Let z = -1107 + h. What are the prime factors of z?
2, 431
Suppose -4*r + 14082 = 3*q, 49*r - 17631 = 44*r + q. List the prime factors of r.
3, 5, 47
Let a = 447 + -449. Let v be (-8)/(-4) - (-5 - 1). List the prime factors of (4/a - -204) + (-24)/v.
199
Let c(q) = -q**2 - q. Let z(l) = 2*l**2 - 3*l + 16. Let n(y) = 6*c(y) - z(y). Let b(h) be the first derivative of n(h). List the prime factors of b(-2).
29
Suppose -2*m - 2418 = 80. Let s = m - -2024. List the prime factors of s.
5, 31
Suppose 0 = -5*c + 20, 12*x - 5*c - 18813 = 11*x. List the prime factors of x.
37, 509
Let p = -47397 - -84904. What are the prime factors of p?
37507
Suppose -577 - 158 = -7*y. What are the prime factors of -28*(y/(-5))/1?
2, 3, 7
Let i = 30292 + 12215. What are the prime factors of i?
3, 4723
Let h = -160 + 229. Let a = -446 + 393. Let u = h + a. List the prime factors of u.
2
Suppose 4*c - 6*a = -2*a - 140, -c + 5*a = 15. Let l = 37 + c. What are the prime factors of -1 - 4/2 - 10*l?
3
Let d(w) = 120*w + 28. Let u be d(4). Let g = u - 216. What are the prime factors of g?
2, 73
What are the prime factors of ((4/5)/1)/(((-4)/107920)/(-1))?
2, 19, 71
Suppose 5*z - 21585 - 2483 = 80477. What are the prime factors of z?
7, 29, 103
Let r = 236 + -237. List the prime factors of r + 478*(-1 + 2) + 4.
13, 37
Let v be ((3 - 2) + -2235 - 1)*-1. Let m = 3140 - v. Suppose 8*j - m = 3*j. List the prime factors of j.
181
Let j(a) = a**3 + 4*a**2 - 16*a - 4. Let i be j(-8). Let r = 416 + i. Suppose 5*c - 749 = -r. List the prime factors of c.
3, 31
Let i(b) = -b**3 + 12*b**2 - 13*b + 15. Let k be i(11). Let v be ((-14)/9)/k + (-92)/9. List the prime factors of 3/((-105)/v) + 831/7.
7, 17
Let i(p) = p**3 - 3*p**2 - 10*p + 7. Suppose -8*b = -13 - 51. Suppose t + 13 = 3*z, 5 = -3*z + b*z - 5*t. What are the prime factors of i(z)?
5, 11
Suppose -1 = -9*w + 10*w. Let x be (-2 - w)*(-5 + 1)/(-4). Let o(a) = 130*a**2 - 2*a - 2. List the prime factors of o(x).
2, 5, 13
Let h(j) = -32*j + 26*j + 216 - 32*j. What are the prime factors of h(-44)?
2, 59
Let d(a) = -a**3 - 14*a**2 - 20*a - 237. What are the prime factors of d(-16)?
5, 7, 17
Let u(k) = -10*k + 249. Let h be u(-40). Suppose 27*p - h = 16*p. What are the prime factors of p?
59
Suppose -4*z + 15484 = -20*p + 22*p, -15490 = -2*p + 2*z. List the prime factors of p.
2, 11
Suppose q = -34*k + 36*k - 19530, 5*k - 2*q = 48826. What are the prime factors of k?
2, 19, 257
Let t be 736 - (-6 + 0)*-1. Suppose p = -3*l + t, -11 = -4*l + 1. List the prime factors of p.
7, 103
Suppose -4*d + 22685 + 391 = 4*y, 3*y - 5*d - 17267 = 0. What are the prime factors of y?
2, 11, 131
Suppose 26*f = 24*f + 8588. Suppose 0 = 5*q - 13784 + f. Suppose -13*o + 0*o = -q. What are the prime factors of o?
2, 73
Let k be 514/(-10) - -4*3/30. Let t = k + 156. Suppose -3*b = 2*p - t, -6 = 6*p - 4*p. What are the prime factors of b?
37
Let n(i) = 29*i**2 - 4*i + 4*i + 213*i**2 - 1 + 3*i - i. Let f be 0/(-2) - (-2 + 1). List the prime factors of n(f).
3
Let z = -2828 + 4488. Let x = -323 + z. List the prime factors of x.
7, 191
Let q(x) = x**3 - 7*x**2 - 28*x - 9. Let p be q(10). Suppose -p*l + 191 = -744. What are the prime factors of l?
5, 17
Let w(r) = 420*r**2 - 211*r - 1227. List the prime factors of w(-6).
3, 31, 163
Suppose 3*s = -5*d - 23, -3*s - 14 - 23 = -2*d. Let o(k) = -53*k - 61. List the prime factors of o(s).
2, 3, 29
Let q be 46/(-345) + ((-68)/(-30))/2. What are the prime factors of 2/(-6)*q/((-2)/2730)?
5, 7, 13
Suppose -3*y - 1408 = -7*y. Let q = y - 221. List the prime factors of q.
131
Suppose -58144 - 10280 = -12*w. List the prime factors of w.
2, 2851
Let z(b) = -b**3 + 27*b + 9*b**2 - 10 - 24*b**2 + 23. Let p be z(-16). Let l = -116 - p. What are the prime factors of l?
47
Suppose 5*p = -c + 22820, 0 = -12*p + 7*p + c + 22830. What are the prime factors of p?
5, 11, 83
Let v(f) = 78*f**2 - 337*f + 2. What are the prime factors of v(8)?
2, 3, 383
Let b(r) = r**3 + 2*r**2 + 2*r - 2. Let k be b(1). Suppose 12 = k*z, g - 130 = -0*g + 5*z. List the prime factors of g.
2, 3, 5
Suppose 6 = 75*a - 73*a. Suppose -2*g = 3*v - 670 - 697, a*v = g + 1373. Suppose -4 = -3*f - 1, 5*q - 3*f = v. What are the prime factors of q?
2, 23
Let i = -3142 - -10001. What are the prime factors of i?
19
Let r(s) = -2*s**2 - 3*s + 39. Let u be r(-5). Suppose -7*g + 6*g + 5*n = -799, 3262 = u*g + 2*n. List the prime factors of g.
2, 11, 37
Let b(y) be the first derivative of -y**3/3 + 21*y**2/2 - 4*y + 93. Let n be -1 - -22*(-1)/(-2). What are the prime factors of b(n)?
2, 53
Let o = 20 + -10. What are the prime factors of o/((-80)/(-3848)) - -5?
2, 3
Let j = 1834 + 4295. List the prime factors of j.
3, 227
List the prime factors of 21199 + 0/(((-40)/160)/(1/8)).
17, 29, 43
What are the prime factors of (-575)/(3*(-11)/1386)?
2, 3, 5, 7, 23
Suppose -5*h = -14 - 166. What are the prime factors of 14/(-63) + 17612/h?
3, 163
Suppose 5*j + 5426 - 1096 = 0. Let o = 441 - j. List the prime factors of o.
1307
Suppose 980 = 6*f + 2780. Let s be (-4)/(-6)*f/40. Let q(w) = 6*w**2 + 10*w + 8. List the prime factors of q(s).
2, 3
Let x be 2/(-6) + (1 - (-50)/6). Let m(a) = -a**2 + 11*a - 16. Let v be m(x). Suppose -3*b + r + 238 = 0, 5*b + v*r - 406 = -r. What are the prime factors of b?
2, 5
Suppose -27 + 72 = 5*w. Suppose -w*n = -0*n - 18. Suppose -q = n*p - 39, -4*q + 163 - 14 = p. What are the prime factors of q?
37
Let j(h) = -h**3 - 11*h**2 - 11*h + 11. Let o = 36 + -46. Let y be j(o). Suppose d - 2*d = -1, 3*i - y = 3*d. List the prime factors of i.
2
Let p(n) = n**3 + 9*n**2 - 10*n + 1. Let k be p(-10). Let r be (7 + -5)/(k - (-11)/(-9)). Let v = 25 + r. What are the prime factors of v?
2
What are the prime factors of 17823 - 21/3 - 27/(-3)?
5, 23, 31
Let m = 12 + -6. Let k be (7 + 90)/1 + 7 - -2*4. Suppose -7*r + m*r = -k. List the prime factors of r.
2, 7
Let a be (-12184)/(-14) + (30/(-35))/3. Let m = 1290 - a. List the prime factors of m.
2, 3, 5, 7
Let p = -59673 - -89432. List the prime factors of p.
29759
Suppose 56615 + 28021 = 4*h. What are the prime factors of h?
3, 2351
Suppose -3*g + 5*r = -13005, 2*r = 22*g - 20*g - 8674. List the prime factors of g.
2, 5, 7, 31
Let t = -957 + 1365. Suppose -10*v - 3*v = -17*v. Suppose -4*h - 3*n + t = v, 0*h + h = -5*n + 119. List the prime factors of h.
3, 11
Let g(h) = 3*h**2 + 4*h + 1. Let a = 66 + -70. Let t be g(a). Let k = -10 + t. What are the prime factors of k?
23
Let t be (1/3)/(1/39). Let u(o) = o**2 + 70*o - 278. Let l be u(4). Suppose l*d - t*d = 830. List the prime factors of d.
2, 83
Suppose 0 = -2*w - 6, -4*a = -0*w - 2*w - 6. Suppose a = -21*i + 618 + 390. List the prime factors of i.
2, 3
Let z(c) = c**3 - 26*c**2 + 14*c + 6. Let p be ((-13)/3)/(((-35)/42)/5). List the prime factors of z(p).
2, 5, 37
Suppose 0 = 4*a - 20, -3*a + 14 = r - 3. Suppose -1096 = -4*w + 4*d, -w + 1106 = 3*w - r*d. What are the prime factors of w?
3, 31
Let w(c) = -7*c**2 - 6*c - 19. Let x be w(-9). List the prime factors of 19/(x/(-175) + -3).
5, 19
Suppose -6*i + i - 1272 = 4*h, 254 = -i - h. Let y = i + 367. List the prime factors of y.
3, 37
Let d(c) = c**2 - 6*c + 17. Let s be d(5). Suppose -7*f = -s*f + 765. List the prime factors of f.
3, 17
Let w = -6353 - -10886. List the prime factors of w.
3, 1511
Let v(o) = 1 - o - 82*o**2 + 379*o**2 - 3*o + 0*o. Let g be v(1). Suppose 7*m = g + 14. What are the prime factors of m?
2, 11
Let i(u) = u**3 - 12*u**2 - 12*u - 9. Let s be i(13). Let w be -24*(14/(-4) + s). List the prime factors of (-1 - 27/(-15))/(w/(-30)).
2
Suppose 10*z + 5537 = 1987. Let